ommon factor of 321888 and 69216.
672
What is the highest common factor of 1053 and 26564057?
13
Calculate the highest common divisor of 411504255 and 22020.
5505
Calculate the greatest common factor of 330508183 and 7567.
1081
Calculate the highest common divisor of 92359 and 8.
1
Calculate the greatest common divisor of 151108120 and 3390.
1130
What is the greatest common divisor of 995 and 181860?
5
What is the greatest common divisor of 52952 and 19736?
8
Calculate the highest common factor of 282188 and 88559.
1501
What is the highest common divisor of 1892784 and 33?
3
What is the greatest common divisor of 402497 and 7298?
41
What is the highest common factor of 4931 and 2923856174?
4931
Calculate the highest common divisor of 385 and 36938990.
55
Calculate the greatest common factor of 180 and 244318160.
20
What is the highest common divisor of 151191 and 711?
9
Calculate the highest common divisor of 767488576 and 16.
16
Calculate the highest common divisor of 6976 and 883336.
872
Calculate the greatest common factor of 8339 and 140895.
31
Calculate the highest common factor of 961448 and 2096.
8
What is the greatest common factor of 63581 and 899?
31
What is the greatest common divisor of 71280 and 273680?
880
Calculate the highest common divisor of 59400252 and 3647.
521
Calculate the highest common factor of 292859 and 50876.
161
Calculate the highest common divisor of 391140912 and 296.
296
What is the highest common factor of 220 and 2923756?
44
What is the highest common divisor of 508 and 5476?
4
Calculate the greatest common divisor of 4487 and 8690037.
641
Calculate the highest common factor of 652 and 58676740.
652
Calculate the highest common divisor of 6069148 and 1886.
1886
What is the highest common divisor of 4250986 and 4369?
17
What is the highest common divisor of 757394380 and 20?
20
Calculate the greatest common factor of 4318922 and 244.
122
Calculate the greatest common divisor of 1314407 and 2256711.
2677
What is the highest common divisor of 37503 and 789878?
463
Calculate the highest common divisor of 1356 and 93457215.
339
What is the highest common factor of 140789268 and 766?
766
Calculate the highest common divisor of 7808192 and 2176.
64
What is the greatest common divisor of 155 and 34813031?
31
Calculate the greatest common divisor of 202046391 and 9.
9
What is the highest common divisor of 6864 and 155528880?
624
What is the highest common factor of 539680 and 45248?
32
What is the highest common factor of 397233 and 38798?
19
What is the greatest common factor of 1653 and 2363239?
551
Calculate the greatest common divisor of 186738824 and 8.
8
What is the greatest common divisor of 49708 and 1323076?
68
What is the highest common factor of 26037702 and 1744?
218
What is the highest common factor of 763 and 2750833?
109
What is the greatest common divisor of 5814 and 14858000?
646
Calculate the highest common divisor of 8144 and 73068986.
1018
What is the greatest common factor of 21901 and 59006?
181
Calculate the highest common divisor of 11042234 and 224.
14
What is the greatest common divisor of 1680 and 448455?
105
Calculate the greatest common divisor of 4510 and 11726410.
410
Calculate the highest common factor of 8939 and 37793.
7
What is the highest common divisor of 228 and 6044?
4
Calculate the highest common factor of 16985311 and 49.
49
What is the greatest common divisor of 1594268154 and 5748?
2874
Calculate the highest common factor of 31632584 and 315245.
9007
What is the greatest common factor of 5031 and 439560147?
1677
Calculate the highest common divisor of 4939 and 288497.
11
What is the greatest common factor of 142816 and 7667434?
8926
Calculate the greatest common divisor of 60877987 and 16169.
851
Calculate the highest common divisor of 32147453 and 6652.
1663
Calculate the highest common divisor of 150 and 1364638275.
75
Calculate the highest common factor of 692 and 10884641.
173
What is the highest common divisor of 43750 and 1085350?
350
What is the highest common divisor of 390 and 467030?
10
What is the highest common divisor of 4542 and 222184799?
757
Calculate the highest common divisor of 418050 and 410.
10
Calculate the greatest common factor of 349853 and 2258485.
943
Calculate the highest common factor of 9 and 10890603.
9
Calculate the highest common factor of 13615 and 60935.
35
Calculate the highest common divisor of 539043432 and 6928.
3464
What is the highest common divisor of 136 and 18819884?
68
Calculate the greatest common divisor of 2538 and 206851230.
846
What is the highest common factor of 405976 and 70184?
248
What is the greatest common factor of 38451653 and 274?
137
Calculate the greatest common factor of 6197724 and 1605006.
4446
What is the greatest common factor of 31 and 1753441685?
31
Calculate the greatest common factor of 2309336 and 100.
4
What is the highest common divisor of 250 and 2636385000?
250
What is the highest common divisor of 1848567 and 3731?
287
What is the greatest common divisor of 1575984 and 624?
48
What is the greatest common divisor of 16097466 and 44?
22
Calculate the greatest common factor of 73966960 and 21400.
4280
What is the highest common divisor of 1351064 and 29458?
286
What is the greatest common divisor of 4938 and 14460?
6
What is the highest common factor of 126 and 85156155?
63
What is the greatest common divisor of 7932860 and 24336?
676
What is the greatest common divisor of 146979 and 413?
7
What is the greatest common factor of 6838758 and 18?
18
Calculate the greatest common divisor of 16 and 2095422064.
16
Calculate the highest common divisor of 1115 and 174272939.
223
Calculate the highest common factor of 5549146 and 522506.
6614
What is the highest common divisor of 7749 and 1909047?
21
Calculate the greatest common divisor of 2200 and 135000.
200
What is the highest common factor of 38289724 and 17908?
484
Calculate the greatest common divisor of 431387 and 506.
11
What is the highest common factor of 70 and 205128182?
14
Calculate the highest common divisor of 7086 and 163392531.
3543
Calculate the greatest common divisor of 189957 and 996586.
2753
Calculate the greatest common factor of 5148647 and 4228.
1057
Calculate the greatest common factor of 908 and 108283313.
227
Calculate the highest common factor of 42331220 and 10.
10
Calculate the greatest common factor of 148552 and 39608.
8
Calculate the highest common factor of 195 and 1523460.
15
Calculate the highest common divisor of 4 and 1022851084.
4
What is the highest common divisor of 52 and 73781942?
26
Calculate the highest common divisor of 28199 and 2249.
173
Calculate the greatest common factor of 5994342 and 36.
18
What is the greatest common factor of 12945 and 1189695?
15
Calculate the greatest common factor of 216 and 668007.
27
What is the highest common factor of 8027335 and 740?
185
What is the greatest common factor of 5341 and 283563?
49
Calculate the highest common factor of 7836582 and 12.
6
Calculate the highest common divisor of 5761035 and 56.
7
Calculate the greatest common divisor of 326013087 and 681.
681
What is the greatest common divisor of 722832 and 6160?
176
What is the highest common factor of 5719 and 220590?
817
What is the greatest common divisor of 133514 and 19324826?
482
Calculate the greatest common divisor of 2186 and 2510621.
1093
What is the highest common factor of 862 and 492932114?
862
Calculate the highest common factor of 698 and 85858.
2
Calculate the greatest common factor of 6 and 6114213.
3
Calculate the highest common divisor of 115056 and 557937.
423
Calculate the greatest common factor of 8903664 and 175692.
1452
What is the greatest common divisor of 50 and 175034600?
50
What is the greatest common divisor of 2992 and 2548766?
22
What is the greatest common factor of 10968 and 8088?
24
Calculate the highest common divisor of 200 and 3280450.
50
What is the highest common divisor of 142889 and 3685207?
3323
Calculate the highest common divisor of 53987826 and 6.
6
Calculate the highest common divisor of 6 and 5337957.
3
What is the highest common divisor of 500 and 4600040?
20
Calculate the greatest common factor of 36934 and 7978996.
626
Calculate the greatest common factor of 85329